 is divided by 85.
21
What is the remainder when 34456 is divided by 6146?
3726
Calculate the remainder when 5345340 is divided by 411176.
52
Calculate the remainder when 592779 is divided by 569.
450
Calculate the remainder when 65414 is divided by 1951.
1031
Calculate the remainder when 17478896 is divided by 5826287.
35
Calculate the remainder when 9424319 is divided by 120.
119
What is the remainder when 506435 is divided by 9930?
5
What is the remainder when 15370264 is divided by 794?
12
Calculate the remainder when 30513460 is divided by 64.
52
Calculate the remainder when 1209923 is divided by 1683.
1529
Calculate the remainder when 8185 is divided by 522.
355
Calculate the remainder when 7235414 is divided by 2107.
2083
What is the remainder when 3340 is divided by 370?
10
What is the remainder when 14802 is divided by 4779?
465
Calculate the remainder when 43200 is divided by 3590.
120
Calculate the remainder when 9244710 is divided by 1027189.
9
What is the remainder when 332572 is divided by 1879?
1868
What is the remainder when 161543437 is divided by 505?
502
Calculate the remainder when 1187059 is divided by 29676.
19
What is the remainder when 799483 is divided by 231?
223
What is the remainder when 4200484 is divided by 4200473?
11
What is the remainder when 15085974 is divided by 2375?
2349
What is the remainder when 9918653 is divided by 3521?
3517
What is the remainder when 120395857 is divided by 563?
559
Calculate the remainder when 194477 is divided by 14905.
712
Calculate the remainder when 403752 is divided by 612.
444
What is the remainder when 25858976 is divided by 334?
28
What is the remainder when 245451 is divided by 263?
72
Calculate the remainder when 40793 is divided by 5770.
403
What is the remainder when 2849702 is divided by 1166?
1164
Calculate the remainder when 993365 is divided by 496681.
3
What is the remainder when 2560906 is divided by 684?
10
Calculate the remainder when 2550004 is divided by 849991.
31
Calculate the remainder when 2279360 is divided by 13174.
258
Calculate the remainder when 19193069 is divided by 1697.
1696
What is the remainder when 3919896 is divided by 3919865?
31
Calculate the remainder when 272665294 is divided by 11837.
11836
What is the remainder when 10806139 is divided by 469832?
3
Calculate the remainder when 49970 is divided by 16265.
1175
Calculate the remainder when 1430100 is divided by 449.
35
What is the remainder when 4851 is divided by 391?
159
Calculate the remainder when 530323373 is divided by 966.
965
Calculate the remainder when 5368793 is divided by 175.
143
What is the remainder when 4463986 is divided by 277?
131
What is the remainder when 181855 is divided by 181838?
17
What is the remainder when 3018961 is divided by 367?
19
Calculate the remainder when 5911533 is divided by 155566.
25
Calculate the remainder when 197638 is divided by 28164.
490
Calculate the remainder when 3359975 is divided by 3.
2
Calculate the remainder when 181363 is divided by 44503.
3351
What is the remainder when 11998935 is divided by 2344?
2343
What is the remainder when 401060 is divided by 7156?
324
Calculate the remainder when 5156671 is divided by 37.
18
What is the remainder when 893299 is divided by 81208?
11
What is the remainder when 220692136 is divided by 2161?
11
Calculate the remainder when 30524010 is divided by 1580.
1570
What is the remainder when 2092862 is divided by 151?
2
Calculate the remainder when 7549 is divided by 955.
864
What is the remainder when 102617683 is divided by 3205?
3198
Calculate the remainder when 2836515 is divided by 945304.
603
Calculate the remainder when 3776523 is divided by 755300.
23
What is the remainder when 86667 is divided by 17321?
62
What is the remainder when 537062 is divided by 2453?
2308
Calculate the remainder when 20380019 is divided by 6793270.
209
Calculate the remainder when 763773 is divided by 763767.
6
What is the remainder when 91882021 is divided by 91882018?
3
What is the remainder when 592390 is divided by 519?
211
What is the remainder when 89231 is divided by 6765?
1286
What is the remainder when 167626 is divided by 163155?
4471
Calculate the remainder when 35787242 is divided by 42.
8
What is the remainder when 106471 is divided by 3130?
51
What is the remainder when 113338799 is divided by 20?
19
What is the remainder when 2043271 is divided by 145925?
321
What is the remainder when 15397896 is divided by 5367?
5340
Calculate the remainder when 14529076 is divided by 1312.
1300
Calculate the remainder when 776906634 is divided by 29.
27
Calculate the remainder when 8872288 is divided by 15430.
38
Calculate the remainder when 142320 is divided by 15811.
21
What is the remainder when 4120468 is divided by 2098?
2094
Calculate the remainder when 59553242 is divided by 1353482.
34
Calculate the remainder when 116064762 is divided by 639.
636
What is the remainder when 16192 is divided by 3757?
1164
What is the remainder when 47080758 is divided by 111?
108
What is the remainder when 5602376 is divided by 66?
32
Calculate the remainder when 4303982 is divided by 537976.
174
Calculate the remainder when 37195531 is divided by 102467.
10
What is the remainder when 36311980 is divided by 1338?
1336
What is the remainder when 530198 is divided by 7681?
209
Calculate the remainder when 16525 is divided by 2112.
1741
What is the remainder when 3602530 is divided by 7?
1
What is the remainder when 122802 is divided by 447?
324
Calculate the remainder when 8990760 is divided by 5034.
36
Calculate the remainder when 10450630 is divided by 32.
6
What is the remainder when 187604 is divided by 1204?
984
What is the remainder when 66968646 is divided by 25?
21
Calculate the remainder when 34404 is divided by 653.
448
What is the remainder when 8204817 is divided by 3883?
38
What is the remainder when 1379786 is divided by 2527?
44
Calculate the remainder when 63130777 is divided by 1527.
16
What is the remainder when 136574 is divided by 1919?
325
Calculate the remainder when 27247 is divided by 1916.
423
What is the remainder when 119403647 is divided by 168?
167
Calculate the remainder when 185198 is divided by 14233.
169
Calculate the remainder when 818737 is divided by 204681.
13
Calculate the remainder when 18824 is divided by 238.
22
What is the remainder when 7135509 is divided by 238?
31
Calculate the remainder when 3286987 is divided by 324.
7
Calculate the remainder when 1292949 is divided by 26936.
21
Calculate the remainder when 4011434 is divided by 52096.
42
What is the remainder when 5870733 is divided by 1416?
1413
Calculate the remainder when 62679 is divided by 814.
1
What is the remainder when 113185 is divided by 50?
35
What is the remainder when 2904356 is divided by 195?
26
What is the remainder when 118282007 is divided by 552?
551
What is the remainder when 432592 is divided by 60085?
11997
Calculate the remainder when 85097 is divided by 84188.
909
What is the remainder when 1440616 is divided by 288118?
26
What is the remainder when 383777 is divided by 3927?
2858
What is the remainder when 18645 is divided by 7354?
3937
Calculate the remainder when 27797 is divided by 27756.
41
What is the remainder when 277051 is divided by 37?
32
What is the remainder when 834370 is divided by 4279?
4244
What is the remainder when 202771 is divided by 230?
141
Calculate the remainder when 1244804 is divided by 626.
316
What is the remainder when 616458478 is divided by 37?
35
What is the remainder when 10302387 is divided by 151505?
47
What is the remainder when 582721 is divided by 44822?
35
Calculate the remainder when 7857 is divided by 1589.
1501
What is the remainder when 4806827 is divided by 2?
1
Calculate the remainder when 859232 is divided by 61373.
10
What is the remainder when 518371 is divided by 172701?
268
Calculate the remainder when 187015 is divided by 13356.
31
Calculate the remainder when 20187 is divided by 19530.
657
Calculate the remainder when 230979 is divided by 2333.
12
What is the remainder when 667705 is divided by 122?
121
Calculate the remainder when 40094447 is divided by 55.
52
What is the remainder when 22549515 is divided by 42466?
69
What is the remainder when 22070 is